sor of p and 96.
32
Suppose 9*c = 40*c - 1674. Suppose -2*d - 58 = -238. What is the greatest common factor of d and c?
18
Let l = 149 + -155. Let d(g) = -2*g**3 - 12*g**2 - 10*g + 3. Let x be d(l). Calculate the highest common divisor of x and 42.
21
Suppose -602 - 330 = x + 2*p, 2*p + 8 = 0. Let c = -384 - x. Calculate the highest common divisor of c and 36.
36
Suppose -v + 5 = 0, 408 = 2*l + 2*v - 8182. Suppose -8*p + l = 2*p. What is the greatest common factor of p and 39?
39
Let x(n) = 2*n**3 - 5*n - 5. Let l be x(3). Suppose l*q - 2*r = 29*q + 1610, -4*q - 5*r = -1288. What is the highest common divisor of q and 92?
46
Let t(k) = 65*k**3 - 3*k**2 + 2*k. Let v = -107 - -108. Let o be t(v). What is the highest common divisor of o and 320?
64
Let c be (-3651)/(-6) - (-4 - 21/(-6)). Let j = c + -333. What is the highest common divisor of j and 12?
12
Suppose -297*a + 352*a - 2321 - 2134 = 0. Calculate the highest common divisor of a and 1296.
81
Let d = 314 + -220. Suppose -4*t + j = -148, 5*j = -3*t + 10*j + d. Let y be (-3 - -4)/((-4)/(-380)). Calculate the highest common divisor of y and t.
19
Let x = 2234 - 2152. What is the greatest common factor of 16728 and x?
82
Let p(f) = 2*f + 16. Let r be p(3). Let q be r/3 - (3 + (-11)/3). Calculate the greatest common divisor of 4 and q.
4
Suppose 13*a - 9*a = 38 + 10. Suppose 3*m = -m - 8. Let f be (-1)/((-2)/12) + m. Calculate the greatest common factor of f and a.
4
Let r be ((-312)/286)/((-14)/14399). What is the greatest common factor of r and 1938?
102
Let w = -121 + 124. Suppose c - 44 = v + w*v, 2*v = -5*c + 132. Let u be 5604/c - (-4)/(-28). What is the highest common factor of 25 and u?
25
Suppose 4*c = 3*c. Suppose 2*p = 2, -34 = -4*t - c*t - 2*p. Suppose 0 = -4*k - 5*i + 144, 2*i + 61 + 227 = 8*k. What is the highest common factor of k and t?
4
Let r be 2/(-3)*(-2856 - (19 + -40)). What is the greatest common factor of r and 1680?
210
Let i(t) = -2*t + 2. Let c be i(0). Let x be ((-13)/(-3) + -7)*(-9)/2. Let q be (x/8 - c)*(-127 - 1). What is the highest common factor of q and 96?
32
Suppose -b + c + c = 3, 3*b + 3*c - 27 = 0. Let v be (-2)/b - 7364/(-35). Calculate the highest common factor of 42 and v.
42
Let x be ((-48)/15)/(-8) + 38/5. Suppose x - 512 = -6*v. Calculate the highest common factor of 28 and v.
28
Let c(f) = 4*f**3 + 234*f**2 + 91*f - 59. Let n be c(-58). Calculate the greatest common factor of 2247 and n.
107
Suppose -109*c + s - 9364 = -113*c, 5*c + 5*s = 11720. What is the highest common factor of c and 39?
39
Let t(h) = -3091*h - 18498. Let a be t(-6). Suppose 244 = 6*c - 2*c - 4*o, -c - 4*o = -56. Calculate the greatest common factor of c and a.
12
Let h = 28 - 20. Let u be ((-84)/8)/((-2)/h). Let y(a) = 163*a + 680. Let k be y(-4). Calculate the greatest common factor of u and k.
14
Let f be 3*(455 - -4)/3. Let i = f + -312. Suppose s + i = 5*c, 0*c + 33 = c - 2*s. Calculate the greatest common factor of c and 203.
29
Suppose 2*x = 4*j - 238, -4*x - 7*j + 3*j - 452 = 0. Let w = x + 135. What is the highest common factor of w and 140?
20
Let y = 429 + -422. Let k be (7 - -322)/y + 8. Suppose c - 138 = 27. Calculate the greatest common factor of c and k.
55
Let c = 1773 - 597. Suppose -304*x = -296*x - c. Calculate the greatest common factor of x and 245.
49
Suppose 4*g = -3*h + 9, -5*h - 4 = 4*g - 35. What is the highest common divisor of h and 737?
11
Suppose 0 = -v - 4*d + 317, 2*v - 5*d - 640 = -10*d. Suppose -59*p + 1741 = v. Calculate the greatest common factor of 120 and p.
24
Let o be ((-8260)/(-40) + 24)*(5 - -1). Calculate the greatest common factor of 6 and o.
3
Suppose -180 = -2987*y + 2972*y. What is the highest common divisor of y and 412?
4
Let s(f) = 2*f**2 - 4*f. Let o be s(3). Let g(b) = b**2 + 7*b - 3. Let i be g(o). Suppose 261 = u - i. What is the greatest common factor of 42 and u?
42
Let a(t) = 2*t**2 + 41*t - 1100. Let x be a(18). Calculate the greatest common factor of 130 and x.
26
Suppose 54 = -5*v - 4*m, -6*m + 3*m = 3. Let y be 2*(-2)/8*v. Suppose 2*z = -2, -a - 18 = -2*a + 3*z. Calculate the highest common factor of y and a.
5
Let t(b) = -b**2 + 14*b - 22. Let a(k) = k**2 - 6*k + 13. Let o be a(6). Let y be t(o). Let u = y - -21. Calculate the highest common factor of u and 120.
12
Let t(o) = 2*o**3 - 3*o**2 - 30*o - 25. Let z be t(8). Calculate the highest common factor of 511 and z.
7
Suppose -15*z + 4*g + 412 = -14*z, -g - 1663 = -4*z. Calculate the highest common divisor of 520 and z.
104
Let y = 30 + -4. Let u be (288/15)/((-12)/(-40)). Suppose 3*c - u - 483 = -m, 0 = -2*c + m + 363. Calculate the highest common factor of c and y.
26
Suppose 13*f - 1537 - 2805 = 0. Suppose 4*n = 2*c + 1564 - 210, 4*c - f = -n. Suppose n = 4*t + 9*t. Calculate the greatest common divisor of t and 91.
13
Suppose -4*u - 4*h + 280 = 0, -5*u + 3*h + 320 = 2*h. Let o = -354893 - -354913. What is the highest common divisor of o and u?
5
Let s(r) = -2*r**3 - 9 + 20*r + 1 + 12*r**2 - 16*r. Let g be s(6). What is the greatest common divisor of g and 28?
4
Suppose 0 = 2*o + 2*y + 10, -2*y + y - 5 = 0. Let w(t) = -8 + 47 + t + t + o*t. Let r be w(0). What is the highest common factor of r and 26?
13
Let k = -16 - 11. Let b be ((-8)/(-3))/((-3)/k). Let n(w) = 22*w**2 + 2945*w - 2949. Let c be n(1). What is the greatest common divisor of c and b?
6
Let h(i) = -i**2 + 20*i + 53. Let g = -213 - -235. Let q be h(g). What is the highest common factor of 432 and q?
9
Let i be ((-56)/35)/((-116)/8265). What is the highest common factor of i and 13053?
57
Let y(i) = -2*i**3 + 28*i**2 - 20*i - 2. Let d be y(13). Calculate the highest common factor of d and 513.
19
Let k(n) = n + 26. Let f be k(-18). Let t be ((-51)/6)/(f/((-2912)/7)). What is the greatest common factor of t and 68?
34
Suppose -3*b = -8*a + 13*a - 364, -7*a = 5*b - 596. Suppose -3*y = -226 - 314. What is the highest common factor of b and y?
36
Let r be (-4260760)/(-176) - (-60)/440. What is the greatest common factor of r and 43?
43
Let d = -11687 - -20472. Calculate the greatest common divisor of 35 and d.
35
Suppose -141*c + 8631 = 270*c. Calculate the greatest common divisor of 217 and c.
7
Let y(m) = -217*m + 2185. Let a be y(10). What is the greatest common divisor of a and 480?
15
Let d(m) be the third derivative of 25*m**4/24 + 83*m**3/3 + 32*m**2 + 2. Let u be d(-6). What is the greatest common divisor of u and 48?
16
Let n = 221 - -188. Let z = n + -164. Calculate the highest common divisor of z and 35.
35
Suppose 0 = -5*f - 2*o + 51, 2297 = 3*f - o + 2295. Let g be 434/2 - (-1 - -3). What is the highest common factor of f and g?
5
Let w(n) be the second derivative of n**4/12 + 4*n**3/3 + 6*n**2 - 5*n. Let y be w(-9). Calculate the greatest common factor of 7 and y.
7
Let r = -32366 - -32427. What is the highest common divisor of 28487 and r?
61
Let o be (2373/678)/(2/(-6) + (-1)/(-2)). Calculate the highest common factor of o and 41811.
21
Let n = 44 + -117. Let o = 88 + n. Suppose -3*g + 90 = -2*i, -g + 10 = i - o. Calculate the highest common factor of g and 14.
14
Let o(j) = 4*j**2 + 21*j + 33. Let y be o(-11). Calculate the highest common divisor of y and 6721.
143
Let c(q) = q**3 + 109*q**2 - 57*q + 91. Let v be c(-109). Calculate the greatest common divisor of 985 and v.
197
Let j(s) = s**3 - 5*s**2 + 7*s - 4. Let o be j(4). Let v = 14 - o. Let c(d) = 9*d - 43. Let a be c(5). What is the greatest common factor of v and a?
2
Suppose -155*p + 130*p = -6655 - 2745. Calculate the greatest common divisor of 3337 and p.
47
Suppose -14*z - 4059 = -3*z. Let g = -300 - z. Calculate the greatest common divisor of 207 and g.
69
Let y be (-1 + 139)*9/((-216)/32). Let c = -180 - y. Calculate the highest common divisor of c and 5.
1
Let b be -63*(2160/(-140) - -11). Calculate the highest common divisor of b and 3937.
31
Let l be 24 + (100/75 - 2/6). Let k(d) = 3*d**2 + 6*d + 10. Let c be k(8). What is the highest common divisor of c and l?
25
Suppose -2*w - 18 = -0*l - l, 0 = -4*w - l - 48. Let d be (-439)/(-4) + 1/(-44)*w. Calculate the highest common divisor of d and 66.
22
Let z = 2707 - 2647. Calculate the highest common factor of 16 and z.
4
Let p = -20449 + 29901. Calculate the greatest 